*l. Let c(k) = k + 3*k**2 - 1 - 4*k**2 + 0*k - 5*k**3. Determine c(l).
-6
Let q(l) = -l**2 + 3*l - 17. Let c(t) = -15*t + 39. Let w(v) = c(v) + 2*q(v). Give w(5).
-90
Let a(y) be the second derivative of 7*y + 1/3*y**3 - 1 + y**2. Give a(-3).
-4
Let s be (1 - (-1 + -2)) + 0. Let z(h) = 2 + 37*h - 71*h + 33*h. Calculate z(s).
-2
Let m(d) be the second derivative of -1/12*d**4 + 2*d**3 - 2 - 3*d + 7/2*d**2. What is m(13)?
-6
Let w(x) = 422*x + 414. Let o be w(-1). Let i(a) = -6*a - 18. Calculate i(o).
30
Let w(s) = -3392*s**2 - 40703*s + 20. Let o be w(-12). Let u(t) be the first derivative of -t**2/2 + t - 1. What is u(o)?
-7
Suppose -12*p + 156 = -9*p. Suppose 51*u + 13 = p*u. Suppose 3*o + u = 4. Let m(t) = -2*t**3 - 4*t**2 + 2*t + 3. Determine m(o).
15
Let r(a) = -a**3 - 6*a**2 - 5*a + 11. Suppose 1018 = -181*q + 294. What is r(q)?
-1
Let v(b) be the third derivative of b**5/60 - 2*b**4/3 + 11*b**3/3 + 2873*b**2. Give v(6).
-38
Let j(d) = -d**2 - 9*d - 10. Let m = -87 - -455. Let r = m + -375. Determine j(r).
4
Let w(f) = -17 + 10*f**2 - 37 + 69 - f**3 + 13*f - 30. Let y(t) = t + 8. Let r be y(-9). Let u = r - -12. What is w(u)?
7
Let x(m) = 16*m - 14. Let z(q) = -30*q - 9. Let j(d) = -9*x(d) - 5*z(d). Give j(-29).
-3
Suppose 2*y + 4*q - 40 = 0, 0 = -5*y + 7*q - 10*q + 65. Let s(u) = 4*u + 3 - 3*u + y*u - 6*u. Give s(-2).
-7
Let h(a) = -5 + 3*a**3 - 6*a + 76*a**2 - 3 - 73*a**2. Let f(v) = -4*v**3 - 2*v**2 + 6*v + 9. Let u(l) = -4*f(l) - 5*h(l). Suppose -2*c + c = -6. What is u(c)?
4
Let v(w) = -2*w + w + 12 - 8*w + 5*w. Suppose 0 = 4*u - 4*j - 24, 3*u + 5*j - 24 = 10*j. Let z be v(u). Let k(i) = i**3 + i - 1. Determine k(z).
-1
Let l(t) = 2*t + 4. Suppose -5*v = -3*g - 6, -18*v + 21 = -16*v + 5*g. Let c be 13/((-182)/(-147))*2/v. What is l(c)?
18
Let g = -8256 - -8258. Let n(d) be the second derivative of 14*d + 9/2*d**g + 1/12*d**4 - 4/3*d**3 + 0. Determine n(7).
2
Let j(t) = 5 + 12*t + 3*t + 303 + 155 - 55. What is j(-27)?
3
Let l(a) = 8*a**2 + 2*a - 1. Let u(g) = g**2 + 54*g + 607. Let n be u(-16). Calculate l(n).
5
Let w(n) = -7*n + 25. Let q be w(4). Let o be (-2)/q*15/40*8. Let z(s) = -s**o - s - 2 + 2*s + 11. Calculate z(0).
9
Let f(z) = -7*z**3 - 5*z**2 + 29*z - 15. Let c(y) = 20*y**3 + 16*y**2 - 84*y + 45. Let j(h) = 6*c(h) + 17*f(h). Calculate j(-12).
3
Let o(q) = -21*q - 2. Let b be 40/8 + 14/4*16/(-8). Give o(b).
40
Let m(h) be the third derivative of h**5/10 + 23*h**4/24 - 2*h**2 + 3*h - 991. Give m(-7).
133
Let l(g) = g**3 - 5*g**2 + 4*g + 3. Suppose -85 = -3*f + 50. Suppose -32*k = -83 - f. Give l(k).
3
Let f(d) = 3*d - 4. Let n(c) = -4*c + 5. Let o(k) = -k - 7. Let r be o(-4). Suppose 3*a + s = -1, 0 = 5*s - 7 - 18. Let y(u) = a*n(u) + r*f(u). Calculate y(2).
0
Let j(t) be the first derivative of -t**4/4 - 7*t**3/3 - 4*t**2 - 9*t + 602. Calculate j(-6).
3
Let r(p) = -2*p**3 + 17*p**2 + 5*p + 21. Suppose 3*d = -g + 3, -29*g + 4*d + 26 = -27*g. What is r(g)?
-15
Let l(v) = -v + 33. Suppose -2*h - 4*q + 34 = 0, 4*h - 70 - 46 = 4*q. What is l(h)?
8
Let p(m) be the second derivative of 0 + 0*m**2 + 1/6*m**3 - 38*m. Let a(n) = -n**2 + 6. Let z be a(-3). Calculate p(z).
-3
Let i be (-6)/(-24) - 3/12. Suppose 4*u + i*l + 15 = 3*l, -3*u = 4*l + 30. Let r(v) = v + 1 + 2 - 4. Calculate r(u).
-7
Let u(q) = -q + 37. Let l be 423/(-705) - (1 + (-416)/10). Calculate u(l).
-3
Suppose 5*s - l - 24 = l, -3*s + l = -15. Let t(o) be the second derivative of -o**5/20 + 7*o**4/12 - 2*o**3/3 - 5*o**2 + 276*o - 2. Determine t(s).
2
Let d(u) = 103*u**2 + 23*u - 10. Let v(a) = -77*a**2 - 19*a + 9. Let b(h) = -3*d(h) - 4*v(h). Suppose 0*i = 3*i - 18. What is b(i)?
0
Let m(d) = d**2 - 12*d + 11. Let w = -429 - -517. Suppose 0 = -16*i + 56 + w. Calculate m(i).
-16
Let h(q) = 10*q + 2*q + 228 + 8*q - 339. Calculate h(6).
9
Let w(q) be the third derivative of -q**6/120 + q**5/20 + 3*q**4/8 - q**3/3 - 285*q**2 + 5*q. Calculate w(5).
-7
Let a(b) = -b**3 - 9*b**2 - 7*b + 3. Let w = 375 + -359. Suppose -i + 8 = -3*t + w, -2*i - 16 = t. Determine a(i).
-5
Let i(b) = 2*b + 115. Let p = -18603 + 18548. Give i(p).
5
Let x(r) = -8*r + 12. Let s(i) = 3*i - 5. Let o = 1805 - 1800. Suppose -3*w = -a + 2*w + 2, 2*a - 16 = 4*w. Let l(g) = a*s(g) + o*x(g). What is l(1)?
-4
Let g(q) = -8*q**3 - 202*q**2 - 52*q - 31. Let n be g(-25). Let w(c) = -c**3 + 20*c**2 - 22*c + 4. Determine w(n).
-53
Let x(b) = -2*b**3 - b**2 + 2*b - 1. Let j = -95 - -142. Let s(h) = h**3 + 8*h**2 - 81*h - 4. Let g be s(-14). Let a = j + g. Determine x(a).
-2
Let f(u) = 13*u - 3. Let j(h) = 3*h - 1. Let t be (1 - 2/(-1)) + (-12 - 0). Let r(o) = t*j(o) + 2*f(o). What is r(9)?
-6
Let i(r) = -48*r**3 + 2*r**2 + 3*r + 2. Let u = 12534 + -12535. What is i(u)?
49
Let r be (0 + -3)*(-1)/(-3). Let z be (7/21 + r)*3*1. Let c(j) = -2*j - 1. Determine c(z).
3
Let t(o) = 203*o**2 - 418*o**2 + 23 - 12 - 10 + 213*o**2. Give t(2).
-7
Let g(l) = 3*l + 5. Let x be 1 + (-33)/(-9 - -12). Calculate g(x).
-25
Let g = 39 + 39. Suppose g = 11*n + 78. Let u(r) = r**2 - r + 4. Determine u(n).
4
Let g(p) = -p**3 + 6*p**2 - 7*p + 6. Let n(d) be the second derivative of 0 - d**3 - 14*d - 1/12*d**4 - 3/2*d**2. Let h be n(-4). What is g(h)?
-4
Let v(k) = -2*k + 12. Suppose 7*g = -18 + 32. Suppose 6 = 2*y - 0*z - g*z, -6 = 4*y + 2*z. What is v(y)?
12
Let s(v) = -6*v + 56. Suppose 0 = 178*r - 1001 - 67. Calculate s(r).
20
Let c(f) = 3*f**2 + 2*f**2 + 2 + 30*f**3 + 3 + f - 29*f**3. Suppose -5*d = -k + 2*k + 32, 4*d = -12. Let t = k + 12. Determine c(t).
0
Let h(s) = s**3 - s**2 - 10*s - 8. Suppose -18 = -4*k + 5*l, -97*l = k - 92*l + 33. Calculate h(k).
-14
Suppose -p + 132 = -12*p. Suppose -2*n + r + 5 - 14 = 0, 2*r - 12 = 3*n. Let i = n - p. Let l(w) = -w**3 + 7*w**2 - 5*w - 3. What is l(i)?
3
Let z(y) = -127*y**2 - 118*y**2 - 4*y + 243*y**2 + 34. Give z(-5).
4
Let f(c) be the first derivative of 9*c**2 - 9*c - 2178. What is f(0)?
-9
Let i(f) = 33*f**3 - 44*f**2 + 189*f - 1. Let q(x) = 7*x**3 - 9*x**2 + 40*x. Let w(a) = -4*i(a) + 19*q(a). Let n be 4/10 + 88/(-20). Give w(n).
4
Let f(b) = b**2 - 12*b + 36. Suppose 36 = 2*a - 2*h, -214*a - 4*h - 36 = -215*a. Determine f(a).
36
Let a(b) = -b**3 - 15*b**2 + 8*b - 1. Let d(x) = 7*x**3 + 91*x**2 - 46*x + 5. Let g(q) = -13*a(q) - 2*d(q). Let m(h) = -h + 20. Let u be m(8). What is g(u)?
3
Let f(g) = -2*g - 1. Let j be f(-4). Let c(x) = -x**3 - 21*x**2 + 17*x + 7. Let t(k) = -6*k**3 - 117*k**2 + 100*k + 38. Let r(d) = -17*c(d) + 3*t(d). Give r(j).
23
Let z(h) = -h**2 - 13*h + 5. Let f(r) = -r**2 - 8*r + 3. Let x(t) = 8*f(t) - 5*z(t). Let p(q) = q**2 - q + 1. Let y(w) = -4*p(w) - x(w). What is y(3)?
-3
Let i(s) = s**3 + s**2 - 3*s - 20. Let r(x) = 4*x**3 + 144*x**2 + 22*x + 792. Let j be r(-36). Determine i(j).
-20
Let c(v) = -v + 20 + 26 + 3*v + 21 - 55. Let s = 87 - 94. Calculate c(s).
-2
Let m(y) = -y + 3*y - 6*y + 24 + 2*y - 2*y. Give m(10).
-16
Let m(y) = y**3 + 1 - 10103*y**2 + 4*y - 3*y + 10108*y**2. Calculate m(-6).
-41
Let o(u) = -1224 + 6*u**3 + 17*u + 1217 + 28*u**2 - 29*u. What is o(-5)?
3
Let s(h) = -20*h**2 + 18*h + 95. Let c(b) = -7*b**2 + 5*b + 31. Let n(i) = 17*c(i) - 6*s(i). What is n(21)?
-85
Let k(g) be the third derivative of -g**7/2520 - g**6/144 - 3*g**5/40 + 21*g**4/4 - g**2 + 12*g. Let q(v) be the second derivative of k(v). Determine q(-7).
-23
Let p(a) = -a**3 - 21*a**2 + 10. Let c be p(-21). Suppose 3*y = -j - c, -y = 4*y. Let i(h) = h**2 + 11*h - 2. Determine i(j).
-12
Let r(d) = 22*d + 26*d - 5 + 16*d - 73*d. Let a be r(0). Let t(f) be the third derivative of f**6/120 + f**5/15 - 5*f**4/24 - 2*f**3/3 + 2*f**2. Give t(a).
-4
Let p(j) be the second derivative of 1/6*j**3 + 13/2*j**2 - 5 - 7*j + 1/12*j**4. Calculate p(0).
13
Suppose 2499*w = 2490*w + 27. Let h(x) = x**2 - 35*x + 102. What is h(w)?
6
Let u(l) = -7*l**2 + l - 1. Let c(w) = -3*w**2 + w - 1. Let g(z) = 9*c(z) - 4*u(z). Suppose 25*m - 35*m = 0. Suppose 0 = 7*a - m*a + 35. Give g(a).
-5
Let x(m) = -10*m + 10. Let p be ((-8)/6)/((124/(-24))/(-31)). What is x(p)?
90
Let o(d) = -1704 + 5110 - 1701 - 1702 - 23*d. Give o(2).
-43
Let s(x) = -165*x - 166*x + 328*x + 6. Calculate s(3).
-3
Suppose -9*i + 140 = -1984. Suppose i = -4*j + 212. Let c(a) = -a**2 - 8*a - 8. Give c(j).
4
Let p(k) = -k**3 - 3*k**2